90 is divided by 77.
27
Calculate the remainder when 7341696 is divided by 377.
375
Calculate the remainder when 271760 is divided by 135372.
1016
What is the remainder when 293248 is divided by 3575?
98
What is the remainder when 71273 is divided by 71256?
17
Calculate the remainder when 1158022 is divided by 226.
224
What is the remainder when 15585101 is divided by 94?
89
Calculate the remainder when 323856 is divided by 5236.
4460
Calculate the remainder when 1752824 is divided by 11.
7
What is the remainder when 188907 is divided by 12575?
282
Calculate the remainder when 176570 is divided by 62.
56
Calculate the remainder when 463977 is divided by 833.
829
Calculate the remainder when 2744628 is divided by 370.
338
Calculate the remainder when 454482 is divided by 470.
462
Calculate the remainder when 178030 is divided by 753.
322
Calculate the remainder when 1686554 is divided by 2179.
8
What is the remainder when 3847891 is divided by 48707?
38
What is the remainder when 748969 is divided by 249?
226
Calculate the remainder when 611751 is divided by 152924.
55
What is the remainder when 2885092 is divided by 58?
56
Calculate the remainder when 1628472 is divided by 542790.
102
What is the remainder when 2516223 is divided by 627?
72
Calculate the remainder when 6151854 is divided by 4567.
105
Calculate the remainder when 16665236 is divided by 4008.
3980
Calculate the remainder when 13814639 is divided by 65.
59
Calculate the remainder when 315262793 is divided by 105087596.
5
Calculate the remainder when 1592617 is divided by 530847.
76
Calculate the remainder when 78756 is divided by 537.
354
What is the remainder when 24900966 is divided by 3007?
3006
What is the remainder when 2322963 is divided by 1000?
963
What is the remainder when 46219 is divided by 14977?
1288
What is the remainder when 74341 is divided by 386?
229
What is the remainder when 71128 is divided by 35551?
26
What is the remainder when 2243074 is divided by 1121535?
4
What is the remainder when 486924 is divided by 69542?
130
What is the remainder when 40955 is divided by 20028?
899
Calculate the remainder when 739184 is divided by 3817.
2503
Calculate the remainder when 183696 is divided by 223.
167
Calculate the remainder when 78175200 is divided by 1255.
1250
What is the remainder when 38135 is divided by 3825?
3710
Calculate the remainder when 8726269 is divided by 26.
19
What is the remainder when 113688776 is divided by 6165?
11
What is the remainder when 156092 is divided by 413?
391
What is the remainder when 496109 is divided by 496105?
4
What is the remainder when 2022 is divided by 781?
460
Calculate the remainder when 14580446 is divided by 30.
26
Calculate the remainder when 1414839 is divided by 7072.
439
Calculate the remainder when 160627 is divided by 3805.
817
What is the remainder when 9898130 is divided by 4949051?
28
What is the remainder when 212478 is divided by 3316?
254
Calculate the remainder when 5036 is divided by 3814.
1222
Calculate the remainder when 3077428 is divided by 71548.
864
What is the remainder when 10001193 is divided by 5835?
3
What is the remainder when 6099780 is divided by 8?
4
What is the remainder when 96391 is divided by 4408?
3823
What is the remainder when 330468593 is divided by 6?
5
What is the remainder when 621470 is divided by 285?
170
What is the remainder when 38757 is divided by 16419?
5919
What is the remainder when 234672041 is divided by 15?
11
Calculate the remainder when 243089 is divided by 5952.
5009
What is the remainder when 2072370 is divided by 49333?
384
What is the remainder when 85429 is divided by 42440?
549
What is the remainder when 53871361 is divided by 17?
10
What is the remainder when 103728 is divided by 16854?
2604
What is the remainder when 264145 is divided by 1106?
917
What is the remainder when 828971 is divided by 143?
0
What is the remainder when 5670856 is divided by 27004?
16
Calculate the remainder when 336357 is divided by 9329.
513
Calculate the remainder when 3540786 is divided by 2483.
28
Calculate the remainder when 97956 is divided by 223.
59
What is the remainder when 15392 is divided by 11607?
3785
Calculate the remainder when 700500 is divided by 3371.
2703
Calculate the remainder when 3833089 is divided by 29485.
39
What is the remainder when 216264 is divided by 215940?
324
Calculate the remainder when 103736 is divided by 6102.
2
Calculate the remainder when 832535 is divided by 8.
7
Calculate the remainder when 4237786 is divided by 98552.
50
Calculate the remainder when 20846293 is divided by 5773.
5763
Calculate the remainder when 416597 is divided by 182.
181
Calculate the remainder when 690758 is divided by 24.
14
What is the remainder when 13850660 is divided by 1353?
1352
What is the remainder when 3339919 is divided by 3339891?
28
Calculate the remainder when 85651 is divided by 108.
7
Calculate the remainder when 14172591 is divided by 19.
16
Calculate the remainder when 8896 is divided by 107.
15
What is the remainder when 17415115 is divided by 134?
73
What is the remainder when 431490 is divided by 2875?
240
What is the remainder when 50896 is divided by 1052?
400
What is the remainder when 519716698 is divided by 16?
10
What is the remainder when 130981 is divided by 4512?
133
What is the remainder when 56011644 is divided by 314?
10
Calculate the remainder when 7748 is divided by 2451.
395
Calculate the remainder when 44965 is divided by 2599.
782
Calculate the remainder when 2279783 is divided by 227978.
3
Calculate the remainder when 860218910 is divided by 1787.
1785
Calculate the remainder when 716301 is divided by 357954.
393
Calculate the remainder when 1174908 is divided by 2.
0
Calculate the remainder when 3114359 is divided by 3178.
3097
What is the remainder when 528502 is divided by 858?
832
What is the remainder when 482010 is divided by 5183?
5174
What is the remainder when 325913 is divided by 2264?
2161
What is the remainder when 10124206 is divided by 607?
53
What is the remainder when 140606 is divided by 98?
74
Calculate the remainder when 5178124 is divided by 760.
244
Calculate the remainder when 149241 is divided by 2870.
1
Calculate the remainder when 113706 is divided by 56794.
118
What is the remainder when 342080 is divided by 939?
284
What is the remainder when 2344363 is divided by 83727?
7
Calculate the remainder when 20352246 is divided by 473308.
2
Calculate the remainder when 27196638 is divided by 650.
638
What is the remainder when 303416 is divided by 100955?
551
What is the remainder when 332547 is divided by 1430?
787
Calculate the remainder when 3517602 is divided by 105.
102
What is the remainder when 11954163 is divided by 4439?
4375
Calculate the remainder when 1057657 is divided by 131.
94
What is the remainder when 341399 is divided by 3?
2
What is the remainder when 2325018 is divided by 2530?
2478
What is the remainder when 52126671 is divided by 48043?
16
What is the remainder when 18550 is divided by 8981?
588
Calculate the remainder when 78934048 is divided by 50.
48
What is the remainder when 1307211 is divided by 653592?
27
What is the remainder when 12685611 is divided by 12685605?
6
What is the remainder when 11159047 is divided by 223180?
47
What is the remainder when 985132997 is divided by 85?
82
What is the remainder when 448118 is divided by 68?
66
What is the remainder when 5605 is divided by 503?
72
Calculate the remainder when 16934799 is divided by 2223.
2208
Calculate the remainder when 4546572 is divided by 449.
447
Calculate the remainder when 5641265 is divided by 84.
77
What is the remainder when 253320 is divided by 84344?
288
What is the remainder when 1193037 is divided by 15?
12
What is the remainder when 8239823 is divided by 503?
180
What is the remainder when 8778144 is divided by 69?
33
Calculate the remainder when 59932 is divided by 248.
164
Calculate the remainder when 2550673 is divided by 425107.
31
What is the remainder when 2224080 is divided by 419?
28
What is the remainder when 997320 is divided by 62332?
8
What is the remainder when 15304 is divided by 5985?
3334
Calculate the remainder when 1857689 is divided by 901.
728
Calculate the remainder when 344917 is di